the greatest common factor of 63 and 1477?
7
What is the greatest common divisor of 384 and 466848?
96
What is the highest common factor of 555805 and 1335?
445
Calculate the greatest common divisor of 21411 and 2457.
351
What is the highest common factor of 18 and 23800752?
18
Calculate the greatest common divisor of 1099 and 471.
157
Calculate the greatest common factor of 2912 and 754.
26
What is the highest common factor of 440 and 12960?
40
Calculate the highest common factor of 105 and 636965.
35
What is the greatest common divisor of 1545804 and 18?
18
Calculate the highest common divisor of 1651 and 377.
13
Calculate the greatest common divisor of 15323 and 1232.
77
What is the greatest common factor of 117 and 14196?
39
Calculate the highest common factor of 262292 and 276.
92
Calculate the highest common factor of 276 and 231.
3
What is the greatest common divisor of 144 and 186?
6
Calculate the greatest common factor of 24 and 47946.
6
Calculate the greatest common divisor of 727525 and 50.
25
Calculate the highest common divisor of 96 and 400584.
24
Calculate the highest common factor of 108 and 16875756.
108
What is the greatest common factor of 1421105 and 140?
35
Calculate the highest common factor of 437 and 11293.
23
What is the greatest common factor of 58327 and 73?
73
Calculate the highest common factor of 174 and 22214.
58
Calculate the highest common factor of 280 and 10570.
70
Calculate the greatest common divisor of 147920 and 70.
10
Calculate the greatest common divisor of 63371 and 2156.
77
What is the highest common factor of 23140 and 3900?
260
What is the highest common factor of 37070 and 1870?
110
What is the greatest common divisor of 3333 and 88?
11
Calculate the highest common divisor of 33931 and 4.
1
What is the highest common divisor of 288 and 28416?
96
Calculate the highest common factor of 1295522 and 236.
118
Calculate the greatest common factor of 10005 and 2415.
345
Calculate the highest common factor of 853312 and 268.
268
Calculate the greatest common factor of 354081 and 84.
21
What is the greatest common divisor of 90561 and 6?
3
Calculate the highest common divisor of 15 and 124344.
3
What is the highest common divisor of 345803 and 3?
1
Calculate the greatest common divisor of 825 and 1062006.
33
Calculate the highest common factor of 6 and 38382.
6
What is the greatest common factor of 37412 and 376?
188
What is the highest common divisor of 649912 and 8?
8
Calculate the greatest common divisor of 2419 and 779.
41
Calculate the highest common divisor of 17832 and 312.
24
Calculate the greatest common factor of 15252 and 39360.
492
Calculate the highest common divisor of 14073056 and 184.
184
Calculate the highest common divisor of 15208 and 1937119.
1901
Calculate the highest common factor of 1845 and 40221.
369
Calculate the highest common divisor of 2128291 and 22.
11
Calculate the greatest common factor of 965 and 275797.
193
What is the highest common divisor of 260671 and 1?
1
What is the highest common factor of 65 and 5785?
65
Calculate the greatest common divisor of 715960 and 84.
28
What is the highest common factor of 263736 and 128?
8
What is the highest common factor of 121 and 241901?
11
What is the highest common divisor of 5704 and 50344?
248
What is the highest common factor of 114 and 1812?
6
What is the greatest common divisor of 144675 and 225?
225
What is the greatest common factor of 35708 and 316?
316
Calculate the highest common divisor of 41553 and 387.
9
What is the highest common divisor of 42714 and 28?
14
Calculate the highest common divisor of 3454 and 1111.
11
Calculate the greatest common divisor of 48222 and 7524.
342
Calculate the greatest common divisor of 182 and 7441.
7
Calculate the greatest common factor of 424 and 1127522.
106
Calculate the greatest common divisor of 43087 and 1177.
11
What is the highest common divisor of 27554 and 368?
46
Calculate the greatest common divisor of 3341 and 208.
13
What is the greatest common factor of 106410 and 6?
6
Calculate the greatest common divisor of 28428 and 34684.
92
Calculate the greatest common divisor of 352 and 15070.
22
What is the greatest common divisor of 22 and 84128?
22
What is the highest common divisor of 15066 and 16306?
62
What is the highest common divisor of 67512 and 27840?
696
Calculate the highest common divisor of 20433 and 588.
147
Calculate the greatest common divisor of 2 and 46.
2
What is the highest common divisor of 81609 and 44?
11
Calculate the highest common divisor of 81865 and 2345.
35
Calculate the greatest common divisor of 637179 and 235.
47
What is the highest common divisor of 648 and 361512?
72
What is the greatest common divisor of 1001 and 2662?
11
What is the greatest common factor of 12536 and 16?
8
What is the highest common divisor of 1991216 and 17072?
1552
Calculate the greatest common divisor of 1680 and 91.
7
What is the greatest common factor of 4972 and 33044?
44
Calculate the highest common divisor of 1416000 and 10.
10
What is the highest common factor of 504 and 20853?
63
What is the greatest common factor of 5769 and 1359?
9
What is the greatest common factor of 150125 and 5?
5
Calculate the highest common divisor of 20853 and 1008.
63
What is the highest common divisor of 1558440 and 7488?
936
Calculate the highest common factor of 4945 and 173935.
215
What is the highest common divisor of 1974 and 2652069?
987
Calculate the highest common factor of 300 and 18651.
3
What is the greatest common divisor of 88639 and 3014?
137
What is the highest common factor of 4082117 and 26?
13
Calculate the greatest common factor of 141 and 1595697.
141
Calculate the highest common divisor of 4366 and 518.
74
Calculate the highest common divisor of 397340 and 160.
20
What is the greatest common factor of 2317 and 77?
7
Calculate the highest common divisor of 68 and 1420996.
68
What is the highest common factor of 335099 and 43?
43
What is the highest common divisor of 1431 and 10335?
159
Calculate the greatest common divisor of 18750 and 72.
6
Calculate the greatest common factor of 133 and 636139.
133
Calculate the greatest common factor of 8740946 and 62.
62
What is the highest common divisor of 2241 and 19837?
83
What is the greatest common divisor of 34692 and 10878?
294
Calculate the greatest common divisor of 1036 and 36.
4
What is the highest common factor of 506900 and 1644?
548
Calculate the greatest common factor of 122095 and 5.
5
What is the greatest common factor of 12 and 333447?
3
Calculate the highest common factor of 72 and 513558.
18
What is the highest common factor of 6034 and 3948?
14
Calculate the highest common factor of 392 and 205744.
56
Calculate the greatest common factor of 242 and 3289.
11
What is the highest common divisor of 112 and 43024?
16
Calculate the highest common divisor of 3080 and 17080.
280
Calculate the highest common divisor of 98 and 9904321.
49
Calculate the greatest common factor of 7133 and 49.
7
What is the greatest common factor of 147 and 240?
3
What is the greatest common factor of 8058400 and 175?
175
What is the greatest common divisor of 44373 and 189?
21
What is the greatest common factor of 1377 and 2700?
27
What is the greatest common divisor of 1 and 349068?
1
What is the highest common divisor of 2 and 37228?
2
Calculate the highest common factor of 375 and 774500.
125
Calculate the highest common factor of 140706 and 144.
18
Calculate the greatest common divisor of 217 and 1547.
7
Calculate the greatest common divisor of 4082 and 286.
26
Calculate the highest common divisor of 8127473 and 43.
43
What is the highest common divisor of 172 and 328348?
172
What is the highest common divisor of 730565 and 22?
11
What is the highest common divisor of 207816 and 40?
8
Calculate the highest common divisor of 50 and 306820.
10
What is the greatest common factor of 13818 and 452610?
282
What is the highest common factor of 16278 and 48?
6
What is the highest common factor of 970 and 40158?
194
What is the highest common divisor of 4350 and 93786?
174
What is the greatest common factor of 1716 and 660?
132
What is the greatest common divisor of 342 and 14307?
57
What is the highest common divisor of 3551 and 10519?
67
Wh